{"id":848,"date":"2023-11-25T11:28:49","date_gmt":"2023-11-25T10:28:49","guid":{"rendered":"https:\/\/nacrattitude.com\/?post_type=product&#038;p=848"},"modified":"2024-07-19T10:22:53","modified_gmt":"2024-07-19T08:22:53","slug":"boucles-doreilles-bouton","status":"publish","type":"product","link":"https:\/\/nacrattitude.com\/index.php\/produit\/boucles-doreilles-bouton\/","title":{"rendered":"Boucles d&rsquo;oreilles Bouton"},"content":{"rendered":"<p>Boucles d&rsquo;oreilles boutons en Nacre Blanche ancienne<\/p>\n<p>Boutons de 100 ans d&rsquo;\u00e2ge r\u00e9alis\u00e9s par nos arri\u00e8res grands-parents \u00e0 M\u00e9ru.<\/p>\n<p>Cr\u00e9oles en Acier Inoxydable, argent\u00e9es ou dor\u00e9es.<\/p>\n<p>Diam\u00e8tre bouton 3,2cm<\/p>\n","protected":false},"excerpt":{"rendered":"<p>Boucles d&rsquo;oreilles boutons en Nacre Blanche ancienne Boutons de 100 [&hellip;]<\/p>\n","protected":false},"featured_media":849,"template":"","meta":[],"product_brand":[],"product_cat":[29,22],"product_tag":[],"class_list":{"0":"post-848","1":"product","2":"type-product","3":"status-publish","4":"has-post-thumbnail","6":"product_cat-boucles-doreilles-nacre","7":"product_cat-nacre","9":"first","10":"instock","11":"shipping-taxable","12":"purchasable","13":"product-type-simple"},"jetpack_sharing_enabled":true,"_links":{"self":[{"href":"https:\/\/nacrattitude.com\/index.php\/wp-json\/wp\/v2\/product\/848","targetHints":{"allow":["GET"]}}],"collection":[{"href":"https:\/\/nacrattitude.com\/index.php\/wp-json\/wp\/v2\/product"}],"about":[{"href":"https:\/\/nacrattitude.com\/index.php\/wp-json\/wp\/v2\/types\/product"}],"wp:featuredmedia":[{"embeddable":true,"href":"https:\/\/nacrattitude.com\/index.php\/wp-json\/wp\/v2\/media\/849"}],"wp:attachment":[{"href":"https:\/\/nacrattitude.com\/index.php\/wp-json\/wp\/v2\/media?parent=848"}],"wp:term":[{"taxonomy":"product_brand","embeddable":true,"href":"https:\/\/nacrattitude.com\/index.php\/wp-json\/wp\/v2\/product_brand?post=848"},{"taxonomy":"product_cat","embeddable":true,"href":"https:\/\/nacrattitude.com\/index.php\/wp-json\/wp\/v2\/product_cat?post=848"},{"taxonomy":"product_tag","embeddable":true,"href":"https:\/\/nacrattitude.com\/index.php\/wp-json\/wp\/v2\/product_tag?post=848"}],"curies":[{"name":"wp","href":"https:\/\/api.w.org\/{rel}","templated":true}]}}