{"id":439,"date":"2022-08-31T15:05:18","date_gmt":"2022-08-31T13:05:18","guid":{"rendered":"https:\/\/nacrattitude.com\/?page_id=439"},"modified":"2025-07-08T13:37:23","modified_gmt":"2025-07-08T11:37:23","slug":"livraison-et-retour","status":"publish","type":"page","link":"https:\/\/nacrattitude.com\/index.php\/livraison-et-retour\/","title":{"rendered":"Livraison et retour"},"content":{"rendered":"<div class=\"fusion-fullwidth fullwidth-box fusion-builder-row-1 fusion-flex-container has-pattern-background has-mask-background nonhundred-percent-fullwidth non-hundred-percent-height-scrolling\" style=\"--awb-border-radius-top-left:0px;--awb-border-radius-top-right:0px;--awb-border-radius-bottom-right:0px;--awb-border-radius-bottom-left:0px;\" ><div class=\"fusion-builder-row fusion-row fusion-flex-align-items-flex-start\" style=\"max-width:1248px;margin-left: calc(-4% \/ 2 );margin-right: calc(-4% \/ 2 );\"><div class=\"fusion-layout-column fusion_builder_column fusion-builder-column-0 fusion_builder_column_1_1 1_1 fusion-flex-column\" style=\"--awb-bg-size:cover;--awb-width-large:100%;--awb-margin-top-large:0px;--awb-spacing-right-large:1.92%;--awb-margin-bottom-large:20px;--awb-spacing-left-large:1.92%;--awb-width-medium:100%;--awb-order-medium:0;--awb-spacing-right-medium:1.92%;--awb-spacing-left-medium:1.92%;--awb-width-small:100%;--awb-order-small:0;--awb-spacing-right-small:1.92%;--awb-spacing-left-small:1.92%;\"><div class=\"fusion-column-wrapper fusion-column-has-shadow fusion-flex-justify-content-flex-start fusion-content-layout-column\"><div class=\"fusion-text fusion-text-1\"><h3 class=\"fusion-responsive-typography-calculated\" style=\"--fontsize: 36; line-height: 1.2;\" data-fontsize=\"36\" data-lineheight=\"43.200001px\">Livraison<\/h3>\n<p><span style=\"color: var(--body_typography-color); font-family: var(--body_typography-font-family); font-size: var(--body_typography-font-size); font-style: var(--body_typography-font-style,normal); font-weight: var(--body_typography-font-weight); letter-spacing: var(--body_typography-letter-spacing);\">Tous les bijoux Nacr&rsquo;attitude sont faits \u00e0 la main.<\/span><\/p>\n<p><span style=\"color: var(--body_typography-color); font-family: var(--body_typography-font-family); font-size: var(--body_typography-font-size); font-style: var(--body_typography-font-style,normal); font-weight: var(--body_typography-font-weight); letter-spacing: var(--body_typography-letter-spacing);\"> Le d\u00e9lai de pr\u00e9paration des commandes peut varier de 3 \u00e0 5 jours. <\/span><\/p>\n<p>(Except\u00e9 P\u00e9riode de Vacances, mais celles-ci seront indiqu\u00e9es).<\/p>\n<p>Les colis sont ensuite envoy\u00e9s par Lettre Suivie via La Poste et sont livr\u00e9s sous 2-3 jours ouvrables apr\u00e8s exp\u00e9dition.<\/p>\n<h3 class=\"fusion-responsive-typography-calculated\" style=\"--fontsize: 36; line-height: 1.2;\" data-fontsize=\"36\" data-lineheight=\"43.200001px\">Retour<\/h3>\n<p>Si vous souhaitez nous retourner votre achat, pour quelque raison que ce soit, vous pouvez le retourner dans les 5 jours suivant sa r\u00e9ception.<\/p>\n<p>Il suffit de renvoyer le courrier \u00e0 cette adresse :<\/p>\n<p>Nacr&rsquo;attitude, Val\u00e9rie Lejeune<\/p>\n<p>82 rue Pierre Wolf 60230 Chambly<\/p>\n<p>\ud83c\udf39 Avant de retourner votre colis, veillez \u00e0 nous contacter via le formulaire \u00ab\u00a0Contact\u00a0\u00bb ou de nous \u00e9crire \u00e0 l&rsquo;adresse nacrattitude@gmail.com, afin de nous informer du retour du bijou souhait\u00e9.<\/p>\n<p>Pour cela, nous fournir :<\/p>\n<ul>\n<li>La cause du renvoi (qui peut nous aider \u00e0 nous am\u00e9liorer)<\/li>\n<li>Photo du bijou et des d\u00e9tails d\u00e9fectueux s&rsquo;il y a<\/li>\n<li>Num\u00e9ro de suivi du colis envoy\u00e9<\/li>\n<\/ul>\n<p>Veillez \u00e0 nous renvoyer votre bijou dans son \u00e9tat et emballage d&rsquo;origine.<\/p>\n<p>Les frais de retour sont \u00e0 la charge du client.<\/p>\n<p>Nacr&rsquo;attitude se r\u00e9serve le droit de refuser un retour si les crit\u00e8res ci-dessus ne sont pas remplis.<\/p>\n<p>D\u00e8s le traitement de votre retour, nous \u00e9mettrons un remboursement du ou des produits retourn\u00e9s.<\/p>\n<p>Si le transporteur perd le colis, Nacr&rsquo;attitude ne pourra pas \u00eatre tenu responsable et aucun remboursement ne pourra \u00eatre effectu\u00e9.<\/p>\n<\/div><\/div><\/div><\/div><\/div>\n","protected":false},"excerpt":{"rendered":"","protected":false},"author":1,"featured_media":0,"parent":0,"menu_order":0,"comment_status":"closed","ping_status":"closed","template":"","meta":{"footnotes":""},"class_list":["post-439","page","type-page","status-publish","hentry"],"jetpack_sharing_enabled":true,"_links":{"self":[{"href":"https:\/\/nacrattitude.com\/index.php\/wp-json\/wp\/v2\/pages\/439","targetHints":{"allow":["GET"]}}],"collection":[{"href":"https:\/\/nacrattitude.com\/index.php\/wp-json\/wp\/v2\/pages"}],"about":[{"href":"https:\/\/nacrattitude.com\/index.php\/wp-json\/wp\/v2\/types\/page"}],"author":[{"embeddable":true,"href":"https:\/\/nacrattitude.com\/index.php\/wp-json\/wp\/v2\/users\/1"}],"replies":[{"embeddable":true,"href":"https:\/\/nacrattitude.com\/index.php\/wp-json\/wp\/v2\/comments?post=439"}],"version-history":[{"count":6,"href":"https:\/\/nacrattitude.com\/index.php\/wp-json\/wp\/v2\/pages\/439\/revisions"}],"predecessor-version":[{"id":1932,"href":"https:\/\/nacrattitude.com\/index.php\/wp-json\/wp\/v2\/pages\/439\/revisions\/1932"}],"wp:attachment":[{"href":"https:\/\/nacrattitude.com\/index.php\/wp-json\/wp\/v2\/media?parent=439"}],"curies":[{"name":"wp","href":"https:\/\/api.w.org\/{rel}","templated":true}]}}